et n be 1/(-4) + 7 + (-665)/(-20). Let v = n - 2. Calculate the remainder when 147 is divided by v.
33
Suppose 0 = -2*y - s - 0 + 1, 0 = 3*y - 5*s - 21. Suppose 5*i = -w + 3, -2*i - 3*w = -y*w. Calculate the remainder when 9 is divided by (i/(-3))/(15/(-225)).
4
Suppose -27*r + 2*g = -28*r + 31, 111 = 5*r - g. Calculate the remainder when 1494 is divided by r.
22
Suppose 3*x - 2*l - 26044 = 0, -4*x + 47839 = -l + 13122. Calculate the remainder when x is divided by 28.
26
Suppose 0 = 72*w - 69*w + 4*x - 63896, 3*w - 63848 = 2*x. What is the remainder when w is divided by 141?
138
Suppose 26 = -3*x - 7. Let m = x + 15. Suppose 0 = 3*h - 5*f - 47, -f = -m*h + 3*f + 52. What is the remainder when 61 is divided by h?
7
Let j = 46 - 51. Let t = -2 - j. Suppose -2*y = -5*f + 321, -4*f + 8*y = t*y - 267. What is the remainder when f is divided by 16?
15
Let d(n) = 26*n**2 - 1. Suppose 6 = -b - 11*v + 6*v, -5 = 5*v. Calculate the remainder when 16/((-1190)/102 + 24/2) is divided by d(b).
23
Let q = 223 + 70. Suppose 3*r + 0*r + 5*c = 157, -12 = 3*c. Calculate the remainder when q is divided by r.
57
Let t(r) be the third derivative of -11/6*r**3 + 0 + 9*r**2 + 0*r + r**4. Calculate the remainder when t(8) is divided by 26.
25
Suppose -2*d - 1 = -5. Suppose -2*z = d*z - 60. Let u(j) = 264*j + 4003. What is the remainder when u(-15) is divided by z?
13
Let z = 20 + -12. Calculate the remainder when 28/((15/5)/(75/50)) is divided by z.
6
Let g = 11798 - 11779. What is the remainder when 24032 is divided by g?
16
Suppose l + 4*g - 694 = -673, -4*l = -4*g - 24. Calculate the remainder when 4524 is divided by l.
6
Suppose 5*j - 3375 = -y + 180, 5*y = 2*j + 17856. Suppose -2*m - y = -16*m. Suppose -m = -11*b + 6*b. Calculate the remainder when 203 is divided by b.
50
Suppose -40 = 2*w + 2. Let r = w + 21. Let i = 31 - r. What is the remainder when 122 is divided by i?
29
Let j = 15 - 0. Let c(g) = g**3 - 17*g**2 + 19*g - 8. Let h be c(j). Calculate the remainder when h/(-2) - (-8)/16 is divided by 22.
21
Suppose -28 = 4*g - 28. Suppose g = -5*i - 5*d + 250, -d = 4*i - 3*d - 170. What is the remainder when 101 is divided by i?
11
Let q(f) be the second derivative of -f**5/20 + 5*f**4/6 - 13*f**3/3 + 61*f**2 - 83*f + 2. What is the remainder when q(7) is divided by 13?
9
Suppose 29481 = -28*o + 91417. What is the remainder when o is divided by 183?
16
Let u = -2177 - -2548. Calculate the remainder when u is divided by 15.
11
Suppose -1800 = -q + 10*q. Let b = q - -308. What is the remainder when b is divided by 16?
12
Suppose 3*v - 2*d = 1771 + 1273, 0 = -2*d - 8. What is the remainder when v/66 + (-4)/(-6) is divided by 5?
1
Let m be (-165)/7 + (-2 - 88/(-56)). Calculate the remainder when 6/m*-412 - 0 is divided by 26.
25
Let x(y) = -y + 53. Suppose 50 = -4*v + 6*v + 4*s, -3*s + 28 = v. What is the remainder when 77 is divided by x(v)?
9
What is the remainder when ((-3)/(-2))/((-29)/(-290)) is divided by (4 - 34/4)*-1*2?
6
Suppose -18 = -5*b - 3. What is the remainder when ((2210/39)/(-10))/((-3)/9) is divided by (b/(6/(-16)))/(-2)?
1
What is the remainder when 242 is divided by ((-6)/(-48)*-246)/(1 + 30/(-24))?
119
Let w be ((-100)/(-16) - 2) + (-3)/(-4). Suppose -w*a = 25, 3*k + 0*k + 3*a = 699. What is the remainder when k is divided by 40?
38
Let a = 2201 - 2124. Calculate the remainder when a is divided by 2.
1
What is the remainder when 14 is divided by ((-80)/64)/((-11)/44)?
4
Let r = -9811 - -9902. Calculate the remainder when 4003 is divided by r.
90
Let w be 0/((-7 + -1)/(-2)). Suppose -5*i + 17 = 2*u - 2*i, 5*u - 2*i - 33 = w. What is the remainder when 74 is divided by u?
4
Suppose -y - 35 + 36 = 0. Suppose -k = -y - 3. Suppose 3*g + 2*m - 51 = 4*m, m + 68 = k*g. What is the remainder when 48 is divided by g?
14
Suppose 0 = -112*i + 7*i + 21105. What is the remainder when 758 is divided by i?
155
What is the remainder when 13 + (-103476 + 6)/(-15) is divided by 31?
29
Suppose -l = -5*u + 3859, 10*u = 7*u - 2*l + 2331. What is the remainder when u is divided by 212?
137
Suppose 0 = -2*m - 2, 3*i - m = -2*i + 4181. Suppose -i = -11*d + 803. What is the remainder when d is divided by 4?
1
Let j(l) = l**3 + 7*l**2 + 8*l + 12. Let s(z) = -2*z + 2. Let h be s(0). Let x be 4 + 2/(h/(-9)). Calculate the remainder when 109 is divided by j(x).
21
Let d be 32/10 + -3 - (-11853)/135. Suppose 1974 = -67*j + d*j. Suppose 0*n - 32 = -2*n. What is the remainder when j is divided by n?
14
Let h(w) = -w**2 - 9*w + 5. Suppose 3*l + 421 = u + 377, 66 = 2*u + 5*l. What is the remainder when u is divided by h(-6)?
15
Suppose 13*k - 1054 = -222. Calculate the remainder when 446 is divided by k.
62
Let k be (-24)/9*75/(-4). Suppose 10*c - k = 150. Suppose 0*z = 4*z + 3*l - 240, 4*z = -2*l + 236. Calculate the remainder when z is divided by c.
17
Suppose 2573 + 847 = 74*s + 21*s. What is the remainder when 6803 is divided by s?
35
Let q(p) be the first derivative of p**2 - 11*p - 16. Let t be q(7). Suppose t + 17 = g. Calculate the remainder when 72 is divided by g.
12
Let w be 3/(9/(-12)) + -48. Let k(l) = 24*l**2 + 2*l + 2. Calculate the remainder when k(-1) is divided by 2/3*273/w*-4.
10
Let r be 1 + 2/6*15. Calculate the remainder when (r - 0)*28/6 is divided by (-3)/(-27)*33*(-1 + 4).
6
Suppose 0 = 3*o - 0*o - 45. Let x = 13392 - 13355. What is the remainder when x is divided by o?
7
Suppose 0*k + 70 = 7*k. What is the remainder when 21/(-6)*(-102)/21 is divided by k?
7
Let s(f) = 280*f - 1933. Calculate the remainder when 2182 is divided by s(7).
22
Let b be (0 - -3 - 161) + 24/6. Let r = b + 191. Calculate the remainder when r is divided by 17.
3
Let i = 839187 - 838700. Suppose 3*m = m + 98. Calculate the remainder when i is divided by m.
46
Suppose -j + 140 = 4*k, 3*j + k + 145 = 510. Suppose 4*z - 16*z = -j. What is the remainder when 77 is divided by z?
7
Suppose 0 = -5*w - 2*t + 4*t + 1041, t = -w + 211. Suppose -w*p + 48 = -205*p. What is the remainder when 35 is divided by p?
11
Suppose 52*o + 638 = 81*o. What is the remainder when 2063 is divided by o?
17
Suppose 20 = -15*q + 11*q. Let a(c) = -c**3 + c**2 + 17*c + 27. What is the remainder when a(q) is divided by 49?
43
Suppose 5*k + 2*k = 20*k - 13793. What is the remainder when k is divided by 40?
21
Let o(l) = -l**3 + 5*l - 221. Let w be o(0). Let g = 513 + w. Let u = 422 - g. What is the remainder when u is divided by 22?
20
Let q(i) = 22*i + 190. Let s be q(-24). Let d = -269 - s. Calculate the remainder when 109 is divided by d.
40
Suppose -3 = -z - 0*z. Suppose -8 = -z*j + 4. Suppose 30*y + 111 = 261. Calculate the remainder when y is divided by j.
1
Suppose -22*q - 12*q = -374. Let s(k) = 26*k - 72. Calculate the remainder when s(q) is divided by 27.
25
Let c(q) = 3 + 9*q - 1 - 10*q + 5*q**2 - 5. Let n be c(2). Suppose 17*i - 18*i = -n. Calculate the remainder when i is divided by 6.
3
Let l = 2636 - 2582. Calculate the remainder when 4694 is divided by l.
50
Let m = -85 - -145. Suppose 2*f = 4*a - 184, 0 = 2*a - a + 3*f - m. Calculate the remainder when a is divided by 13.
9
Let g(b) be the first derivative of -5*b**2/2 + 14*b + 59. What is the remainder when 230 is divided by g(-12)?
8
Let x be 345/(0 + -6*1/(-6)). Let m = 366 - x. What is the remainder when 3/2*(-162)/(-3) is divided by m?
18
Let x(q) = q**2 + 63*q + 420. What is the remainder when 2938 is divided by x(-56)?
26
What is the remainder when 796/(-199)*((-2122)/8 - -4) is divided by 11?
0
Let q = 350 + -100. Let j = q - 43. What is the remainder when j is divided by 21?
18
Let z(u) = -u**3 + 2*u**2 + 2*u + 6. Let p be z(5). Let g = p + 62. Suppose -14 = -5*w + g*w. Calculate the remainder when 22 is divided by w.
1
Let n be (2 + -3 - -6) + -31. Let j = 51 + n. Calculate the remainder when 147 is divided by j.
22
Suppose 31*r - 37*r = -1194. Let b = r + -85. Suppose 0 = 7*n - 5*n - 62. What is the remainder when b is divided by n?
21
Suppose -5*k - 4*k + 90 = 0. Let h be (k/(-4))/5*8/(-1). Let i(g) = 13*g - 1. Calculate the remainder when i(h) is divided by 18.
15
Let h = -201 - -199. What is the remainder when 64 is divided by (2 + 6/(-4))/(h/(-140))?
29
Let o(g) = 3*g**2 - 8*g - 1. Let f be o(5). Suppose 0 = 2*i - f - 26. What 